{"id":1396,"date":"2022-01-11T07:13:05","date_gmt":"2022-01-11T06:13:05","guid":{"rendered":"https:\/\/www.herafisur.com\/?post_type=product&#038;p=1396"},"modified":"2022-06-27T19:32:07","modified_gmt":"2022-06-27T18:32:07","slug":"rodamiento-d80-x-16-x-d50-cerrado-6010-zz-c3","status":"publish","type":"product","link":"https:\/\/www.herafisur.com\/?product=rodamiento-d80-x-16-x-d50-cerrado-6010-zz-c3","title":{"rendered":"Rodamiento D80 x 16 x d50 cerrado 6010-ZZ C3 &#8211; 870640"},"content":{"rendered":"<p>Rodamiento de bolas en di\u00e1metro 80mm con ancho 16mm y eje di\u00e1metro 50mm, cerrado con jaula met\u00e1lica para evitar la entrada de polvo en las bolas.<\/p>\n<p>Id\u00f3neo para utilizar en la Tup\u00ed para los cojinetes tope.<\/p>\n","protected":false},"excerpt":{"rendered":"<p>rodamiento cerrado D80 x 16 x d50 para cojinete tope en Tup\u00ed<\/p>\n","protected":false},"featured_media":1397,"comment_status":"closed","ping_status":"closed","template":"","meta":{"_et_pb_use_builder":"","_et_pb_old_content":"","_et_gb_content_width":""},"product_brand":[],"product_cat":[73],"product_tag":[709,1216,1215,1218,1222,1219,1217,1220,1221],"class_list":{"0":"post-1396","1":"product","2":"type-product","3":"status-publish","4":"has-post-thumbnail","6":"product_cat-suministrosyaccesorios","7":"product_tag-cojinete-tope","8":"product_tag-rodamaiento-bolas","9":"product_tag-rodamiento","10":"product_tag-rodamiento-80","11":"product_tag-rodamiento-cerrado","12":"product_tag-rodamiento-cojinete-tope","13":"product_tag-rodamiento-diametro-80mm","14":"product_tag-rodamiento-tope","15":"product_tag-rodamiento-tupi","17":"first","18":"instock","19":"shipping-taxable","20":"purchasable","21":"product-type-simple"},"yoast_head":"<!-- This site is optimized with the Yoast SEO plugin v27.6 - https:\/\/yoast.com\/product\/yoast-seo-wordpress\/ -->\n<title>Rodamiento D80 x 16 x d50 cerrado 6010-ZZ C3 - 870640 - Herafisur, ferreter\u00eda, suministros, venta herramienta de corte, afilados<\/title>\n<meta name=\"description\" content=\"Ferreter\u00eda, discos, cuchillas, sierras, escuadras, portaestantes, sacos aspiraci\u00f3n, punta atornillar, tornillos, Bosch, rodamiento cerrado D80 eje d50 para Tup\u00ed\" \/>\n<meta name=\"robots\" content=\"index, follow, max-snippet:-1, max-image-preview:large, max-video-preview:-1\" \/>\n<link rel=\"canonical\" href=\"https:\/\/www.herafisur.com\/?product=rodamiento-d80-x-16-x-d50-cerrado-6010-zz-c3\" \/>\n<meta property=\"og:locale\" content=\"es_ES\" \/>\n<meta property=\"og:type\" content=\"article\" \/>\n<meta property=\"og:title\" content=\"Rodamiento D80 x 16 x d50 cerrado 6010-ZZ C3 - 870640 - Herafisur, ferreter\u00eda, suministros, venta herramienta de corte, afilados\" \/>\n<meta property=\"og:description\" content=\"Ferreter\u00eda, discos, cuchillas, sierras, escuadras, portaestantes, sacos aspiraci\u00f3n, punta atornillar, tornillos, Bosch, rodamiento cerrado D80 eje d50 para Tup\u00ed\" \/>\n<meta property=\"og:url\" content=\"https:\/\/www.herafisur.com\/?product=rodamiento-d80-x-16-x-d50-cerrado-6010-zz-c3\" \/>\n<meta property=\"og:site_name\" content=\"Herafisur, ferreter\u00eda, suministros, venta herramienta de corte, afilados\" \/>\n<meta property=\"article:modified_time\" content=\"2022-06-27T18:32:07+00:00\" \/>\n<meta property=\"og:image\" content=\"https:\/\/www.herafisur.com\/wp-content\/uploads\/2022\/01\/Rodamiento-D80x16xd50-scaled.jpg\" \/>\n\t<meta property=\"og:image:width\" content=\"2560\" \/>\n\t<meta property=\"og:image:height\" content=\"1920\" \/>\n\t<meta property=\"og:image:type\" content=\"image\/jpeg\" \/>\n<meta name=\"twitter:card\" content=\"summary_large_image\" \/>\n<meta name=\"twitter:label1\" content=\"Tiempo de lectura\" \/>\n\t<meta name=\"twitter:data1\" content=\"1 minuto\" \/>\n<script type=\"application\/ld+json\" class=\"yoast-schema-graph\">{\"@context\":\"https:\\\/\\\/schema.org\",\"@graph\":[{\"@type\":\"WebPage\",\"@id\":\"https:\\\/\\\/www.herafisur.com\\\/?product=rodamiento-d80-x-16-x-d50-cerrado-6010-zz-c3\",\"url\":\"https:\\\/\\\/www.herafisur.com\\\/?product=rodamiento-d80-x-16-x-d50-cerrado-6010-zz-c3\",\"name\":\"Rodamiento D80 x 16 x d50 cerrado 6010-ZZ C3 - 870640 - Herafisur, ferreter\u00eda, suministros, venta herramienta de corte, afilados\",\"isPartOf\":{\"@id\":\"https:\\\/\\\/www.herafisur.com\\\/#website\"},\"primaryImageOfPage\":{\"@id\":\"https:\\\/\\\/www.herafisur.com\\\/?product=rodamiento-d80-x-16-x-d50-cerrado-6010-zz-c3#primaryimage\"},\"image\":{\"@id\":\"https:\\\/\\\/www.herafisur.com\\\/?product=rodamiento-d80-x-16-x-d50-cerrado-6010-zz-c3#primaryimage\"},\"thumbnailUrl\":\"https:\\\/\\\/www.herafisur.com\\\/wp-content\\\/uploads\\\/2022\\\/01\\\/Rodamiento-D80x16xd50-scaled.jpg\",\"datePublished\":\"2022-01-11T06:13:05+00:00\",\"dateModified\":\"2022-06-27T18:32:07+00:00\",\"description\":\"Ferreter\u00eda, discos, cuchillas, sierras, escuadras, portaestantes, sacos aspiraci\u00f3n, punta atornillar, tornillos, Bosch, rodamiento cerrado D80 eje d50 para Tup\u00ed\",\"breadcrumb\":{\"@id\":\"https:\\\/\\\/www.herafisur.com\\\/?product=rodamiento-d80-x-16-x-d50-cerrado-6010-zz-c3#breadcrumb\"},\"inLanguage\":\"es\",\"potentialAction\":[{\"@type\":\"ReadAction\",\"target\":[\"https:\\\/\\\/www.herafisur.com\\\/?product=rodamiento-d80-x-16-x-d50-cerrado-6010-zz-c3\"]}]},{\"@type\":\"ImageObject\",\"inLanguage\":\"es\",\"@id\":\"https:\\\/\\\/www.herafisur.com\\\/?product=rodamiento-d80-x-16-x-d50-cerrado-6010-zz-c3#primaryimage\",\"url\":\"https:\\\/\\\/www.herafisur.com\\\/wp-content\\\/uploads\\\/2022\\\/01\\\/Rodamiento-D80x16xd50-scaled.jpg\",\"contentUrl\":\"https:\\\/\\\/www.herafisur.com\\\/wp-content\\\/uploads\\\/2022\\\/01\\\/Rodamiento-D80x16xd50-scaled.jpg\",\"width\":2560,\"height\":1920},{\"@type\":\"BreadcrumbList\",\"@id\":\"https:\\\/\\\/www.herafisur.com\\\/?product=rodamiento-d80-x-16-x-d50-cerrado-6010-zz-c3#breadcrumb\",\"itemListElement\":[{\"@type\":\"ListItem\",\"position\":1,\"name\":\"Portada\",\"item\":\"https:\\\/\\\/www.herafisur.com\\\/\"},{\"@type\":\"ListItem\",\"position\":2,\"name\":\"Tienda\",\"item\":\"https:\\\/\\\/www.herafisur.com\\\/?page_id=14\"},{\"@type\":\"ListItem\",\"position\":3,\"name\":\"Rodamiento D80 x 16 x d50 cerrado 6010-ZZ C3 &#8211; 870640\"}]},{\"@type\":\"WebSite\",\"@id\":\"https:\\\/\\\/www.herafisur.com\\\/#website\",\"url\":\"https:\\\/\\\/www.herafisur.com\\\/\",\"name\":\"Herafisur, afilados, ferreter\u00eda, suministros, venta herramienta de corte\",\"description\":\"Ferreter\u00eda, herramientas de corte, suministros industriales, afilado\",\"publisher\":{\"@id\":\"https:\\\/\\\/www.herafisur.com\\\/#organization\"},\"potentialAction\":[{\"@type\":\"SearchAction\",\"target\":{\"@type\":\"EntryPoint\",\"urlTemplate\":\"https:\\\/\\\/www.herafisur.com\\\/?s={search_term_string}\"},\"query-input\":{\"@type\":\"PropertyValueSpecification\",\"valueRequired\":true,\"valueName\":\"search_term_string\"}}],\"inLanguage\":\"es\"},{\"@type\":\"Organization\",\"@id\":\"https:\\\/\\\/www.herafisur.com\\\/#organization\",\"name\":\"Herramientas y Afilados del Sur SLL\",\"url\":\"https:\\\/\\\/www.herafisur.com\\\/\",\"logo\":{\"@type\":\"ImageObject\",\"inLanguage\":\"es\",\"@id\":\"https:\\\/\\\/www.herafisur.com\\\/#\\\/schema\\\/logo\\\/image\\\/\",\"url\":\"https:\\\/\\\/www.herafisur.com\\\/wp-content\\\/uploads\\\/2017\\\/10\\\/Foto-logo.jpg\",\"contentUrl\":\"https:\\\/\\\/www.herafisur.com\\\/wp-content\\\/uploads\\\/2017\\\/10\\\/Foto-logo.jpg\",\"width\":2560,\"height\":1440,\"caption\":\"Herramientas y Afilados del Sur SLL\"},\"image\":{\"@id\":\"https:\\\/\\\/www.herafisur.com\\\/#\\\/schema\\\/logo\\\/image\\\/\"}}]}<\/script>\n<!-- \/ Yoast SEO plugin. -->","yoast_head_json":{"title":"Rodamiento D80 x 16 x d50 cerrado 6010-ZZ C3 - 870640 - Herafisur, ferreter\u00eda, suministros, venta herramienta de corte, afilados","description":"Ferreter\u00eda, discos, cuchillas, sierras, escuadras, portaestantes, sacos aspiraci\u00f3n, punta atornillar, tornillos, Bosch, rodamiento cerrado D80 eje d50 para Tup\u00ed","robots":{"index":"index","follow":"follow","max-snippet":"max-snippet:-1","max-image-preview":"max-image-preview:large","max-video-preview":"max-video-preview:-1"},"canonical":"https:\/\/www.herafisur.com\/?product=rodamiento-d80-x-16-x-d50-cerrado-6010-zz-c3","og_locale":"es_ES","og_type":"article","og_title":"Rodamiento D80 x 16 x d50 cerrado 6010-ZZ C3 - 870640 - Herafisur, ferreter\u00eda, suministros, venta herramienta de corte, afilados","og_description":"Ferreter\u00eda, discos, cuchillas, sierras, escuadras, portaestantes, sacos aspiraci\u00f3n, punta atornillar, tornillos, Bosch, rodamiento cerrado D80 eje d50 para Tup\u00ed","og_url":"https:\/\/www.herafisur.com\/?product=rodamiento-d80-x-16-x-d50-cerrado-6010-zz-c3","og_site_name":"Herafisur, ferreter\u00eda, suministros, venta herramienta de corte, afilados","article_modified_time":"2022-06-27T18:32:07+00:00","og_image":[{"width":2560,"height":1920,"url":"https:\/\/www.herafisur.com\/wp-content\/uploads\/2022\/01\/Rodamiento-D80x16xd50-scaled.jpg","type":"image\/jpeg"}],"twitter_card":"summary_large_image","twitter_misc":{"Tiempo de lectura":"1 minuto"},"schema":{"@context":"https:\/\/schema.org","@graph":[{"@type":"WebPage","@id":"https:\/\/www.herafisur.com\/?product=rodamiento-d80-x-16-x-d50-cerrado-6010-zz-c3","url":"https:\/\/www.herafisur.com\/?product=rodamiento-d80-x-16-x-d50-cerrado-6010-zz-c3","name":"Rodamiento D80 x 16 x d50 cerrado 6010-ZZ C3 - 870640 - Herafisur, ferreter\u00eda, suministros, venta herramienta de corte, afilados","isPartOf":{"@id":"https:\/\/www.herafisur.com\/#website"},"primaryImageOfPage":{"@id":"https:\/\/www.herafisur.com\/?product=rodamiento-d80-x-16-x-d50-cerrado-6010-zz-c3#primaryimage"},"image":{"@id":"https:\/\/www.herafisur.com\/?product=rodamiento-d80-x-16-x-d50-cerrado-6010-zz-c3#primaryimage"},"thumbnailUrl":"https:\/\/www.herafisur.com\/wp-content\/uploads\/2022\/01\/Rodamiento-D80x16xd50-scaled.jpg","datePublished":"2022-01-11T06:13:05+00:00","dateModified":"2022-06-27T18:32:07+00:00","description":"Ferreter\u00eda, discos, cuchillas, sierras, escuadras, portaestantes, sacos aspiraci\u00f3n, punta atornillar, tornillos, Bosch, rodamiento cerrado D80 eje d50 para Tup\u00ed","breadcrumb":{"@id":"https:\/\/www.herafisur.com\/?product=rodamiento-d80-x-16-x-d50-cerrado-6010-zz-c3#breadcrumb"},"inLanguage":"es","potentialAction":[{"@type":"ReadAction","target":["https:\/\/www.herafisur.com\/?product=rodamiento-d80-x-16-x-d50-cerrado-6010-zz-c3"]}]},{"@type":"ImageObject","inLanguage":"es","@id":"https:\/\/www.herafisur.com\/?product=rodamiento-d80-x-16-x-d50-cerrado-6010-zz-c3#primaryimage","url":"https:\/\/www.herafisur.com\/wp-content\/uploads\/2022\/01\/Rodamiento-D80x16xd50-scaled.jpg","contentUrl":"https:\/\/www.herafisur.com\/wp-content\/uploads\/2022\/01\/Rodamiento-D80x16xd50-scaled.jpg","width":2560,"height":1920},{"@type":"BreadcrumbList","@id":"https:\/\/www.herafisur.com\/?product=rodamiento-d80-x-16-x-d50-cerrado-6010-zz-c3#breadcrumb","itemListElement":[{"@type":"ListItem","position":1,"name":"Portada","item":"https:\/\/www.herafisur.com\/"},{"@type":"ListItem","position":2,"name":"Tienda","item":"https:\/\/www.herafisur.com\/?page_id=14"},{"@type":"ListItem","position":3,"name":"Rodamiento D80 x 16 x d50 cerrado 6010-ZZ C3 &#8211; 870640"}]},{"@type":"WebSite","@id":"https:\/\/www.herafisur.com\/#website","url":"https:\/\/www.herafisur.com\/","name":"Herafisur, afilados, ferreter\u00eda, suministros, venta herramienta de corte","description":"Ferreter\u00eda, herramientas de corte, suministros industriales, afilado","publisher":{"@id":"https:\/\/www.herafisur.com\/#organization"},"potentialAction":[{"@type":"SearchAction","target":{"@type":"EntryPoint","urlTemplate":"https:\/\/www.herafisur.com\/?s={search_term_string}"},"query-input":{"@type":"PropertyValueSpecification","valueRequired":true,"valueName":"search_term_string"}}],"inLanguage":"es"},{"@type":"Organization","@id":"https:\/\/www.herafisur.com\/#organization","name":"Herramientas y Afilados del Sur SLL","url":"https:\/\/www.herafisur.com\/","logo":{"@type":"ImageObject","inLanguage":"es","@id":"https:\/\/www.herafisur.com\/#\/schema\/logo\/image\/","url":"https:\/\/www.herafisur.com\/wp-content\/uploads\/2017\/10\/Foto-logo.jpg","contentUrl":"https:\/\/www.herafisur.com\/wp-content\/uploads\/2017\/10\/Foto-logo.jpg","width":2560,"height":1440,"caption":"Herramientas y Afilados del Sur SLL"},"image":{"@id":"https:\/\/www.herafisur.com\/#\/schema\/logo\/image\/"}}]}},"_links":{"self":[{"href":"https:\/\/www.herafisur.com\/index.php?rest_route=\/wp\/v2\/product\/1396","targetHints":{"allow":["GET"]}}],"collection":[{"href":"https:\/\/www.herafisur.com\/index.php?rest_route=\/wp\/v2\/product"}],"about":[{"href":"https:\/\/www.herafisur.com\/index.php?rest_route=\/wp\/v2\/types\/product"}],"replies":[{"embeddable":true,"href":"https:\/\/www.herafisur.com\/index.php?rest_route=%2Fwp%2Fv2%2Fcomments&post=1396"}],"wp:featuredmedia":[{"embeddable":true,"href":"https:\/\/www.herafisur.com\/index.php?rest_route=\/wp\/v2\/media\/1397"}],"wp:attachment":[{"href":"https:\/\/www.herafisur.com\/index.php?rest_route=%2Fwp%2Fv2%2Fmedia&parent=1396"}],"wp:term":[{"taxonomy":"product_brand","embeddable":true,"href":"https:\/\/www.herafisur.com\/index.php?rest_route=%2Fwp%2Fv2%2Fproduct_brand&post=1396"},{"taxonomy":"product_cat","embeddable":true,"href":"https:\/\/www.herafisur.com\/index.php?rest_route=%2Fwp%2Fv2%2Fproduct_cat&post=1396"},{"taxonomy":"product_tag","embeddable":true,"href":"https:\/\/www.herafisur.com\/index.php?rest_route=%2Fwp%2Fv2%2Fproduct_tag&post=1396"}],"curies":[{"name":"wp","href":"https:\/\/api.w.org\/{rel}","templated":true}]}}