{"id":1669,"date":"2022-10-22T08:52:32","date_gmt":"2022-10-22T07:52:32","guid":{"rendered":"https:\/\/www.herafisur.com\/?post_type=product&#038;p=1669"},"modified":"2022-10-22T08:52:34","modified_gmt":"2022-10-22T07:52:34","slug":"juego-escobillas-varias-maquinas-ryobi-esryobi0716j","status":"publish","type":"product","link":"https:\/\/www.herafisur.com\/?product=juego-escobillas-varias-maquinas-ryobi-esryobi0716j","title":{"rendered":"Juego escobillas varias m\u00e1quinas Ryobi &#8211; ESRYOBI0716J"},"content":{"rendered":"<p>Juego escobillas para varios modelos de m\u00e1quinas Ryobi.<\/p>\n<p>Medidas 6,4 x 13,4 x 17mm<\/p>\n<p>M\u00e1quinas:<\/p>\n<p>Cepillo: AP10, AP10NI<\/p>\n<p>Fresadora: CM30, CM30N, CM31, CM40, R501, R502I, W6403<\/p>\n<p>Lijadora: B7200A<\/p>\n<p>Martillo perforador: 1138<\/p>\n<p>Martillo: CH481, ED1138, ED381, ED382ND, ED382NP, ED382PIGS, ED382PK<\/p>\n<p>Tronzadora: C306MA<\/p>\n<p>Ingletadora: C307NA, C3560, C356NA, C357, CS360, TSC306<\/p>\n<p>Sierra: RA200N, RA2500N, W6402C, W6402CI, W6402NC, W8402C, W8502, WS642, WS842<\/p>\n<p>Referencias Ryobi: 6540813, 6540053, 6541283, 6540293, 6540283, 6541285, 6540817, 6540815<\/p>\n<p>Referencia del art\u00edculo 0716J<\/p>\n","protected":false},"excerpt":{"rendered":"<p>escobillas para varias m\u00e1quinas Ryobi, martillo perforador, cepillo, lijadora, martillo, sierra, fresadora, tronzadora, ingletadora<\/p>\n","protected":false},"featured_media":1664,"comment_status":"closed","ping_status":"closed","template":"","meta":{"_et_pb_use_builder":"","_et_pb_old_content":"","_et_gb_content_width":""},"product_brand":[],"product_cat":[918],"product_tag":[1622,1612,1613,1621,1630,1631,1632,1633,1634,1623,1614,1615,1616,1617,1635,1624,1625,1626,1627,1628,1629,1606,1607,1610,1608,1577,1550,1611,1609,1618,1619,1637,1638,1207,1636,1639,1640,1641,1620,1642,1643,1644,1645],"class_list":{"0":"post-1669","1":"product","2":"type-product","3":"status-publish","4":"has-post-thumbnail","6":"product_cat-escobillas-carbon-maquinas-portatiles","7":"product_tag-1622","8":"product_tag-ap10","9":"product_tag-ap10ni","10":"product_tag-b7200a","11":"product_tag-c306ma","12":"product_tag-c307na","13":"product_tag-c3560","14":"product_tag-c356na","15":"product_tag-c357","16":"product_tag-ch481","17":"product_tag-cm30","18":"product_tag-cm30n","19":"product_tag-cm31","20":"product_tag-cm40","21":"product_tag-cs360","22":"product_tag-ed1138","23":"product_tag-ed381","24":"product_tag-ed382nd","25":"product_tag-ed382np","26":"product_tag-ed382pigs","27":"product_tag-ed382pk","28":"product_tag-escobillas-cepillo-ryobi","29":"product_tag-escobillas-fresadora-ryobi","30":"product_tag-escobillas-ingletadora-ryobi","31":"product_tag-escobillas-lijadora-ryobi","32":"product_tag-escobillas-martillo-ryobi","33":"product_tag-escobillas-ryobi","34":"product_tag-escobillas-sierra-ryobi","35":"product_tag-escobillas-tronzadora-ryobi","36":"product_tag-r501","37":"product_tag-r502i","38":"product_tag-ra200n","39":"product_tag-ra2500n","40":"product_tag-ryobi","41":"product_tag-tsc306","42":"product_tag-w6402c","43":"product_tag-w6402ci","44":"product_tag-w6402nc","45":"product_tag-w6403","46":"product_tag-w8402nc","47":"product_tag-w8502","48":"product_tag-ws642","49":"product_tag-ws842","51":"first","52":"instock","53":"shipping-taxable","54":"purchasable","55":"product-type-simple"},"yoast_head":"<!-- This site is optimized with the Yoast SEO plugin v27.6 - https:\/\/yoast.com\/product\/yoast-seo-wordpress\/ -->\n<title>Juego escobillas varias m\u00e1quinas Ryobi - ESRYOBI0716J - Herafisur, ferreter\u00eda, suministros, venta herramienta de corte, afilados<\/title>\n<meta name=\"description\" content=\"Ferreter\u00eda, discos, cuchillas, sierras, escuadras, portaestantes, sacos aspiraci\u00f3n, punta atornillar, tornillos, Bosch, escobillas Ryobi cepillo, escobillas Ryobi martillo, escobillas Ryobi lijadora, escobillas Ryobi martillo, escobillas Ryobi sierra, escobillas Ryobi fresadora, escobillas ryobi tronzadora, escobillas ryobi ingletadora\" \/>\n<meta name=\"robots\" content=\"index, follow, max-snippet:-1, max-image-preview:large, max-video-preview:-1\" \/>\n<link rel=\"canonical\" href=\"https:\/\/www.herafisur.com\/?product=juego-escobillas-varias-maquinas-ryobi-esryobi0716j\" \/>\n<meta property=\"og:locale\" content=\"es_ES\" \/>\n<meta property=\"og:type\" content=\"article\" \/>\n<meta property=\"og:title\" content=\"Juego escobillas varias m\u00e1quinas Ryobi - ESRYOBI0716J - Herafisur, ferreter\u00eda, suministros, venta herramienta de corte, afilados\" \/>\n<meta property=\"og:description\" content=\"Ferreter\u00eda, discos, cuchillas, sierras, escuadras, portaestantes, sacos aspiraci\u00f3n, punta atornillar, tornillos, Bosch, escobillas Ryobi cepillo, escobillas Ryobi martillo, escobillas Ryobi lijadora, escobillas Ryobi martillo, escobillas Ryobi sierra, escobillas Ryobi fresadora, escobillas ryobi tronzadora, escobillas ryobi ingletadora\" \/>\n<meta property=\"og:url\" content=\"https:\/\/www.herafisur.com\/?product=juego-escobillas-varias-maquinas-ryobi-esryobi0716j\" \/>\n<meta property=\"og:site_name\" content=\"Herafisur, ferreter\u00eda, suministros, venta herramienta de corte, afilados\" \/>\n<meta property=\"article:modified_time\" content=\"2022-10-22T07:52:34+00:00\" \/>\n<meta property=\"og:image\" content=\"https:\/\/www.herafisur.com\/wp-content\/uploads\/2022\/10\/Escobillas-Ryobi-5-modelos-scaled.jpg\" \/>\n\t<meta property=\"og:image:width\" content=\"2560\" \/>\n\t<meta property=\"og:image:height\" content=\"1928\" \/>\n\t<meta property=\"og:image:type\" content=\"image\/jpeg\" \/>\n<meta name=\"twitter:card\" content=\"summary_large_image\" \/>\n<meta name=\"twitter:label1\" content=\"Tiempo de lectura\" \/>\n\t<meta name=\"twitter:data1\" content=\"1 minuto\" \/>\n<script type=\"application\/ld+json\" class=\"yoast-schema-graph\">{\"@context\":\"https:\\\/\\\/schema.org\",\"@graph\":[{\"@type\":\"WebPage\",\"@id\":\"https:\\\/\\\/www.herafisur.com\\\/?product=juego-escobillas-varias-maquinas-ryobi-esryobi0716j\",\"url\":\"https:\\\/\\\/www.herafisur.com\\\/?product=juego-escobillas-varias-maquinas-ryobi-esryobi0716j\",\"name\":\"Juego escobillas varias m\u00e1quinas Ryobi - ESRYOBI0716J - Herafisur, ferreter\u00eda, suministros, venta herramienta de corte, afilados\",\"isPartOf\":{\"@id\":\"https:\\\/\\\/www.herafisur.com\\\/#website\"},\"primaryImageOfPage\":{\"@id\":\"https:\\\/\\\/www.herafisur.com\\\/?product=juego-escobillas-varias-maquinas-ryobi-esryobi0716j#primaryimage\"},\"image\":{\"@id\":\"https:\\\/\\\/www.herafisur.com\\\/?product=juego-escobillas-varias-maquinas-ryobi-esryobi0716j#primaryimage\"},\"thumbnailUrl\":\"https:\\\/\\\/www.herafisur.com\\\/wp-content\\\/uploads\\\/2022\\\/10\\\/Escobillas-Ryobi-5-modelos-scaled.jpg\",\"datePublished\":\"2022-10-22T07:52:32+00:00\",\"dateModified\":\"2022-10-22T07:52:34+00:00\",\"description\":\"Ferreter\u00eda, discos, cuchillas, sierras, escuadras, portaestantes, sacos aspiraci\u00f3n, punta atornillar, tornillos, Bosch, escobillas Ryobi cepillo, escobillas Ryobi martillo, escobillas Ryobi lijadora, escobillas Ryobi martillo, escobillas Ryobi sierra, escobillas Ryobi fresadora, escobillas ryobi tronzadora, escobillas ryobi ingletadora\",\"breadcrumb\":{\"@id\":\"https:\\\/\\\/www.herafisur.com\\\/?product=juego-escobillas-varias-maquinas-ryobi-esryobi0716j#breadcrumb\"},\"inLanguage\":\"es\",\"potentialAction\":[{\"@type\":\"ReadAction\",\"target\":[\"https:\\\/\\\/www.herafisur.com\\\/?product=juego-escobillas-varias-maquinas-ryobi-esryobi0716j\"]}]},{\"@type\":\"ImageObject\",\"inLanguage\":\"es\",\"@id\":\"https:\\\/\\\/www.herafisur.com\\\/?product=juego-escobillas-varias-maquinas-ryobi-esryobi0716j#primaryimage\",\"url\":\"https:\\\/\\\/www.herafisur.com\\\/wp-content\\\/uploads\\\/2022\\\/10\\\/Escobillas-Ryobi-5-modelos-scaled.jpg\",\"contentUrl\":\"https:\\\/\\\/www.herafisur.com\\\/wp-content\\\/uploads\\\/2022\\\/10\\\/Escobillas-Ryobi-5-modelos-scaled.jpg\",\"width\":2560,\"height\":1928},{\"@type\":\"BreadcrumbList\",\"@id\":\"https:\\\/\\\/www.herafisur.com\\\/?product=juego-escobillas-varias-maquinas-ryobi-esryobi0716j#breadcrumb\",\"itemListElement\":[{\"@type\":\"ListItem\",\"position\":1,\"name\":\"Portada\",\"item\":\"https:\\\/\\\/www.herafisur.com\\\/\"},{\"@type\":\"ListItem\",\"position\":2,\"name\":\"Tienda\",\"item\":\"https:\\\/\\\/www.herafisur.com\\\/?page_id=14\"},{\"@type\":\"ListItem\",\"position\":3,\"name\":\"Juego escobillas varias m\u00e1quinas Ryobi &#8211; ESRYOBI0716J\"}]},{\"@type\":\"WebSite\",\"@id\":\"https:\\\/\\\/www.herafisur.com\\\/#website\",\"url\":\"https:\\\/\\\/www.herafisur.com\\\/\",\"name\":\"Herafisur, afilados, ferreter\u00eda, suministros, venta herramienta de corte\",\"description\":\"Ferreter\u00eda, herramientas de corte, suministros industriales, afilado\",\"publisher\":{\"@id\":\"https:\\\/\\\/www.herafisur.com\\\/#organization\"},\"potentialAction\":[{\"@type\":\"SearchAction\",\"target\":{\"@type\":\"EntryPoint\",\"urlTemplate\":\"https:\\\/\\\/www.herafisur.com\\\/?s={search_term_string}\"},\"query-input\":{\"@type\":\"PropertyValueSpecification\",\"valueRequired\":true,\"valueName\":\"search_term_string\"}}],\"inLanguage\":\"es\"},{\"@type\":\"Organization\",\"@id\":\"https:\\\/\\\/www.herafisur.com\\\/#organization\",\"name\":\"Herramientas y Afilados del Sur SLL\",\"url\":\"https:\\\/\\\/www.herafisur.com\\\/\",\"logo\":{\"@type\":\"ImageObject\",\"inLanguage\":\"es\",\"@id\":\"https:\\\/\\\/www.herafisur.com\\\/#\\\/schema\\\/logo\\\/image\\\/\",\"url\":\"https:\\\/\\\/www.herafisur.com\\\/wp-content\\\/uploads\\\/2017\\\/10\\\/Foto-logo.jpg\",\"contentUrl\":\"https:\\\/\\\/www.herafisur.com\\\/wp-content\\\/uploads\\\/2017\\\/10\\\/Foto-logo.jpg\",\"width\":2560,\"height\":1440,\"caption\":\"Herramientas y Afilados del Sur SLL\"},\"image\":{\"@id\":\"https:\\\/\\\/www.herafisur.com\\\/#\\\/schema\\\/logo\\\/image\\\/\"}}]}<\/script>\n<!-- \/ Yoast SEO plugin. -->","yoast_head_json":{"title":"Juego escobillas varias m\u00e1quinas Ryobi - ESRYOBI0716J - Herafisur, ferreter\u00eda, suministros, venta herramienta de corte, afilados","description":"Ferreter\u00eda, discos, cuchillas, sierras, escuadras, portaestantes, sacos aspiraci\u00f3n, punta atornillar, tornillos, Bosch, escobillas Ryobi cepillo, escobillas Ryobi martillo, escobillas Ryobi lijadora, escobillas Ryobi martillo, escobillas Ryobi sierra, escobillas Ryobi fresadora, escobillas ryobi tronzadora, escobillas ryobi ingletadora","robots":{"index":"index","follow":"follow","max-snippet":"max-snippet:-1","max-image-preview":"max-image-preview:large","max-video-preview":"max-video-preview:-1"},"canonical":"https:\/\/www.herafisur.com\/?product=juego-escobillas-varias-maquinas-ryobi-esryobi0716j","og_locale":"es_ES","og_type":"article","og_title":"Juego escobillas varias m\u00e1quinas Ryobi - ESRYOBI0716J - Herafisur, ferreter\u00eda, suministros, venta herramienta de corte, afilados","og_description":"Ferreter\u00eda, discos, cuchillas, sierras, escuadras, portaestantes, sacos aspiraci\u00f3n, punta atornillar, tornillos, Bosch, escobillas Ryobi cepillo, escobillas Ryobi martillo, escobillas Ryobi lijadora, escobillas Ryobi martillo, escobillas Ryobi sierra, escobillas Ryobi fresadora, escobillas ryobi tronzadora, escobillas ryobi ingletadora","og_url":"https:\/\/www.herafisur.com\/?product=juego-escobillas-varias-maquinas-ryobi-esryobi0716j","og_site_name":"Herafisur, ferreter\u00eda, suministros, venta herramienta de corte, afilados","article_modified_time":"2022-10-22T07:52:34+00:00","og_image":[{"width":2560,"height":1928,"url":"https:\/\/www.herafisur.com\/wp-content\/uploads\/2022\/10\/Escobillas-Ryobi-5-modelos-scaled.jpg","type":"image\/jpeg"}],"twitter_card":"summary_large_image","twitter_misc":{"Tiempo de lectura":"1 minuto"},"schema":{"@context":"https:\/\/schema.org","@graph":[{"@type":"WebPage","@id":"https:\/\/www.herafisur.com\/?product=juego-escobillas-varias-maquinas-ryobi-esryobi0716j","url":"https:\/\/www.herafisur.com\/?product=juego-escobillas-varias-maquinas-ryobi-esryobi0716j","name":"Juego escobillas varias m\u00e1quinas Ryobi - ESRYOBI0716J - Herafisur, ferreter\u00eda, suministros, venta herramienta de corte, afilados","isPartOf":{"@id":"https:\/\/www.herafisur.com\/#website"},"primaryImageOfPage":{"@id":"https:\/\/www.herafisur.com\/?product=juego-escobillas-varias-maquinas-ryobi-esryobi0716j#primaryimage"},"image":{"@id":"https:\/\/www.herafisur.com\/?product=juego-escobillas-varias-maquinas-ryobi-esryobi0716j#primaryimage"},"thumbnailUrl":"https:\/\/www.herafisur.com\/wp-content\/uploads\/2022\/10\/Escobillas-Ryobi-5-modelos-scaled.jpg","datePublished":"2022-10-22T07:52:32+00:00","dateModified":"2022-10-22T07:52:34+00:00","description":"Ferreter\u00eda, discos, cuchillas, sierras, escuadras, portaestantes, sacos aspiraci\u00f3n, punta atornillar, tornillos, Bosch, escobillas Ryobi cepillo, escobillas Ryobi martillo, escobillas Ryobi lijadora, escobillas Ryobi martillo, escobillas Ryobi sierra, escobillas Ryobi fresadora, escobillas ryobi tronzadora, escobillas ryobi ingletadora","breadcrumb":{"@id":"https:\/\/www.herafisur.com\/?product=juego-escobillas-varias-maquinas-ryobi-esryobi0716j#breadcrumb"},"inLanguage":"es","potentialAction":[{"@type":"ReadAction","target":["https:\/\/www.herafisur.com\/?product=juego-escobillas-varias-maquinas-ryobi-esryobi0716j"]}]},{"@type":"ImageObject","inLanguage":"es","@id":"https:\/\/www.herafisur.com\/?product=juego-escobillas-varias-maquinas-ryobi-esryobi0716j#primaryimage","url":"https:\/\/www.herafisur.com\/wp-content\/uploads\/2022\/10\/Escobillas-Ryobi-5-modelos-scaled.jpg","contentUrl":"https:\/\/www.herafisur.com\/wp-content\/uploads\/2022\/10\/Escobillas-Ryobi-5-modelos-scaled.jpg","width":2560,"height":1928},{"@type":"BreadcrumbList","@id":"https:\/\/www.herafisur.com\/?product=juego-escobillas-varias-maquinas-ryobi-esryobi0716j#breadcrumb","itemListElement":[{"@type":"ListItem","position":1,"name":"Portada","item":"https:\/\/www.herafisur.com\/"},{"@type":"ListItem","position":2,"name":"Tienda","item":"https:\/\/www.herafisur.com\/?page_id=14"},{"@type":"ListItem","position":3,"name":"Juego escobillas varias m\u00e1quinas Ryobi &#8211; ESRYOBI0716J"}]},{"@type":"WebSite","@id":"https:\/\/www.herafisur.com\/#website","url":"https:\/\/www.herafisur.com\/","name":"Herafisur, afilados, ferreter\u00eda, suministros, venta herramienta de corte","description":"Ferreter\u00eda, herramientas de corte, suministros industriales, afilado","publisher":{"@id":"https:\/\/www.herafisur.com\/#organization"},"potentialAction":[{"@type":"SearchAction","target":{"@type":"EntryPoint","urlTemplate":"https:\/\/www.herafisur.com\/?s={search_term_string}"},"query-input":{"@type":"PropertyValueSpecification","valueRequired":true,"valueName":"search_term_string"}}],"inLanguage":"es"},{"@type":"Organization","@id":"https:\/\/www.herafisur.com\/#organization","name":"Herramientas y Afilados del Sur SLL","url":"https:\/\/www.herafisur.com\/","logo":{"@type":"ImageObject","inLanguage":"es","@id":"https:\/\/www.herafisur.com\/#\/schema\/logo\/image\/","url":"https:\/\/www.herafisur.com\/wp-content\/uploads\/2017\/10\/Foto-logo.jpg","contentUrl":"https:\/\/www.herafisur.com\/wp-content\/uploads\/2017\/10\/Foto-logo.jpg","width":2560,"height":1440,"caption":"Herramientas y Afilados del Sur SLL"},"image":{"@id":"https:\/\/www.herafisur.com\/#\/schema\/logo\/image\/"}}]}},"_links":{"self":[{"href":"https:\/\/www.herafisur.com\/index.php?rest_route=\/wp\/v2\/product\/1669","targetHints":{"allow":["GET"]}}],"collection":[{"href":"https:\/\/www.herafisur.com\/index.php?rest_route=\/wp\/v2\/product"}],"about":[{"href":"https:\/\/www.herafisur.com\/index.php?rest_route=\/wp\/v2\/types\/product"}],"replies":[{"embeddable":true,"href":"https:\/\/www.herafisur.com\/index.php?rest_route=%2Fwp%2Fv2%2Fcomments&post=1669"}],"wp:featuredmedia":[{"embeddable":true,"href":"https:\/\/www.herafisur.com\/index.php?rest_route=\/wp\/v2\/media\/1664"}],"wp:attachment":[{"href":"https:\/\/www.herafisur.com\/index.php?rest_route=%2Fwp%2Fv2%2Fmedia&parent=1669"}],"wp:term":[{"taxonomy":"product_brand","embeddable":true,"href":"https:\/\/www.herafisur.com\/index.php?rest_route=%2Fwp%2Fv2%2Fproduct_brand&post=1669"},{"taxonomy":"product_cat","embeddable":true,"href":"https:\/\/www.herafisur.com\/index.php?rest_route=%2Fwp%2Fv2%2Fproduct_cat&post=1669"},{"taxonomy":"product_tag","embeddable":true,"href":"https:\/\/www.herafisur.com\/index.php?rest_route=%2Fwp%2Fv2%2Fproduct_tag&post=1669"}],"curies":[{"name":"wp","href":"https:\/\/api.w.org\/{rel}","templated":true}]}}