{"id":2040,"date":"2024-03-16T14:12:07","date_gmt":"2024-03-16T13:12:07","guid":{"rendered":"https:\/\/www.herafisur.com\/?post_type=product&#038;p=2040"},"modified":"2024-03-16T14:14:50","modified_gmt":"2024-03-16T13:14:50","slug":"disco-d160-x-22-x-d20-z48-tp-28176048h","status":"publish","type":"product","link":"https:\/\/www.herafisur.com\/?product=disco-d160-x-22-x-d20-z48-tp-28176048h","title":{"rendered":"Disco D160 x 2,2 x d20 Z48 TP &#8211; 28176048"},"content":{"rendered":"<p>Disco D160 x 2,2 x d20 Z48 TP\u00a0 para el corte en sierra circular de distintos materiales como Melamina, Laminados, MDF, DM, Solid Surface, Tablero, Madera.<\/p>\n<p>Disco con di\u00e1metro 160mm, ancho de corte 2,2mm, eje di\u00e1metro 20mm con 48 dientes en perfil Trapecio &#8211; Plano.<\/p>\n<p>Cuerpo con protecci\u00f3n anti\u00f3xido &#8211; deslizante en cromo, silencioso, placas de Carburo de Tungsteno (MD &#8211; Widia) de alta calidad.<\/p>\n<p>V\u00e1lido para sierras circulares Festool, Makita, Bosch, Dewalt.<\/p>\n","protected":false},"excerpt":{"rendered":"<p>Disco D160 para sierra circular Festool, Makita, Bosch, Dewalt<\/p>\n","protected":false},"featured_media":2041,"comment_status":"closed","ping_status":"closed","template":"","meta":{"_et_pb_use_builder":"","_et_pb_old_content":"","_et_gb_content_width":""},"product_brand":[],"product_cat":[22],"product_tag":[112,1943,92,1942,1944,1947,94,1948,1945,1946,1302,380],"class_list":{"0":"post-2040","1":"product","2":"type-product","3":"status-publish","4":"has-post-thumbnail","6":"product_cat-discos-maquinas-portatiles","7":"product_tag-bosch","8":"product_tag-dewalt","9":"product_tag-disco-d160","10":"product_tag-disco-d160-para-sierra-circular","11":"product_tag-disco-para-festool","12":"product_tag-disco-sierra-bosch","13":"product_tag-disco-sierra-circular","14":"product_tag-disco-sierra-dewalt","15":"product_tag-disco-sierra-festool","16":"product_tag-disco-sierra-makita","17":"product_tag-festool","18":"product_tag-makita","20":"first","21":"instock","22":"shipping-taxable","23":"purchasable","24":"product-type-simple"},"yoast_head":"<!-- This site is optimized with the Yoast SEO plugin v27.6 - https:\/\/yoast.com\/product\/yoast-seo-wordpress\/ -->\n<title>Disco D160 x 2,2 x d20 Z48 TP - 28176048 - Herafisur, ferreter\u00eda, suministros, venta herramienta de corte, afilados<\/title>\n<meta name=\"description\" content=\"Ferreter\u00eda, discos, cuchillas, sierras, escuadras, portaestantes, sacos aspiraci\u00f3n, punta atornillar, tornillos, Bosch, Disco D160 para sierra circular\" \/>\n<meta name=\"robots\" content=\"index, follow, max-snippet:-1, max-image-preview:large, max-video-preview:-1\" \/>\n<link rel=\"canonical\" href=\"https:\/\/www.herafisur.com\/?product=disco-d160-x-22-x-d20-z48-tp-28176048h\" \/>\n<meta property=\"og:locale\" content=\"es_ES\" \/>\n<meta property=\"og:type\" content=\"article\" \/>\n<meta property=\"og:title\" content=\"Disco D160 x 2,2 x d20 Z48 TP - 28176048 - Herafisur, ferreter\u00eda, suministros, venta herramienta de corte, afilados\" \/>\n<meta property=\"og:description\" content=\"Ferreter\u00eda, discos, cuchillas, sierras, escuadras, portaestantes, sacos aspiraci\u00f3n, punta atornillar, tornillos, Bosch, Disco D160 para sierra circular\" \/>\n<meta property=\"og:url\" content=\"https:\/\/www.herafisur.com\/?product=disco-d160-x-22-x-d20-z48-tp-28176048h\" \/>\n<meta property=\"og:site_name\" content=\"Herafisur, ferreter\u00eda, suministros, venta herramienta de corte, afilados\" \/>\n<meta property=\"article:modified_time\" content=\"2024-03-16T13:14:50+00:00\" \/>\n<meta property=\"og:image\" content=\"https:\/\/www.herafisur.com\/wp-content\/uploads\/2024\/03\/Disco-D160-x-d20-Z48-TP-Festool.jpg\" \/>\n\t<meta property=\"og:image:width\" content=\"1996\" \/>\n\t<meta property=\"og:image:height\" content=\"1865\" \/>\n\t<meta property=\"og:image:type\" content=\"image\/jpeg\" \/>\n<meta name=\"twitter:card\" content=\"summary_large_image\" \/>\n<meta name=\"twitter:label1\" content=\"Tiempo de lectura\" \/>\n\t<meta name=\"twitter:data1\" content=\"1 minuto\" \/>\n<script type=\"application\/ld+json\" class=\"yoast-schema-graph\">{\"@context\":\"https:\\\/\\\/schema.org\",\"@graph\":[{\"@type\":\"WebPage\",\"@id\":\"https:\\\/\\\/www.herafisur.com\\\/?product=disco-d160-x-22-x-d20-z48-tp-28176048h\",\"url\":\"https:\\\/\\\/www.herafisur.com\\\/?product=disco-d160-x-22-x-d20-z48-tp-28176048h\",\"name\":\"Disco D160 x 2,2 x d20 Z48 TP - 28176048 - Herafisur, ferreter\u00eda, suministros, venta herramienta de corte, afilados\",\"isPartOf\":{\"@id\":\"https:\\\/\\\/www.herafisur.com\\\/#website\"},\"primaryImageOfPage\":{\"@id\":\"https:\\\/\\\/www.herafisur.com\\\/?product=disco-d160-x-22-x-d20-z48-tp-28176048h#primaryimage\"},\"image\":{\"@id\":\"https:\\\/\\\/www.herafisur.com\\\/?product=disco-d160-x-22-x-d20-z48-tp-28176048h#primaryimage\"},\"thumbnailUrl\":\"https:\\\/\\\/www.herafisur.com\\\/wp-content\\\/uploads\\\/2024\\\/03\\\/Disco-D160-x-d20-Z48-TP-Festool.jpg\",\"datePublished\":\"2024-03-16T13:12:07+00:00\",\"dateModified\":\"2024-03-16T13:14:50+00:00\",\"description\":\"Ferreter\u00eda, discos, cuchillas, sierras, escuadras, portaestantes, sacos aspiraci\u00f3n, punta atornillar, tornillos, Bosch, Disco D160 para sierra circular\",\"breadcrumb\":{\"@id\":\"https:\\\/\\\/www.herafisur.com\\\/?product=disco-d160-x-22-x-d20-z48-tp-28176048h#breadcrumb\"},\"inLanguage\":\"es\",\"potentialAction\":[{\"@type\":\"ReadAction\",\"target\":[\"https:\\\/\\\/www.herafisur.com\\\/?product=disco-d160-x-22-x-d20-z48-tp-28176048h\"]}]},{\"@type\":\"ImageObject\",\"inLanguage\":\"es\",\"@id\":\"https:\\\/\\\/www.herafisur.com\\\/?product=disco-d160-x-22-x-d20-z48-tp-28176048h#primaryimage\",\"url\":\"https:\\\/\\\/www.herafisur.com\\\/wp-content\\\/uploads\\\/2024\\\/03\\\/Disco-D160-x-d20-Z48-TP-Festool.jpg\",\"contentUrl\":\"https:\\\/\\\/www.herafisur.com\\\/wp-content\\\/uploads\\\/2024\\\/03\\\/Disco-D160-x-d20-Z48-TP-Festool.jpg\",\"width\":1996,\"height\":1865},{\"@type\":\"BreadcrumbList\",\"@id\":\"https:\\\/\\\/www.herafisur.com\\\/?product=disco-d160-x-22-x-d20-z48-tp-28176048h#breadcrumb\",\"itemListElement\":[{\"@type\":\"ListItem\",\"position\":1,\"name\":\"Portada\",\"item\":\"https:\\\/\\\/www.herafisur.com\\\/\"},{\"@type\":\"ListItem\",\"position\":2,\"name\":\"Tienda\",\"item\":\"https:\\\/\\\/www.herafisur.com\\\/?page_id=14\"},{\"@type\":\"ListItem\",\"position\":3,\"name\":\"Disco D160 x 2,2 x d20 Z48 TP &#8211; 28176048\"}]},{\"@type\":\"WebSite\",\"@id\":\"https:\\\/\\\/www.herafisur.com\\\/#website\",\"url\":\"https:\\\/\\\/www.herafisur.com\\\/\",\"name\":\"Herafisur, afilados, ferreter\u00eda, suministros, venta herramienta de corte\",\"description\":\"Ferreter\u00eda, herramientas de corte, suministros industriales, afilado\",\"publisher\":{\"@id\":\"https:\\\/\\\/www.herafisur.com\\\/#organization\"},\"potentialAction\":[{\"@type\":\"SearchAction\",\"target\":{\"@type\":\"EntryPoint\",\"urlTemplate\":\"https:\\\/\\\/www.herafisur.com\\\/?s={search_term_string}\"},\"query-input\":{\"@type\":\"PropertyValueSpecification\",\"valueRequired\":true,\"valueName\":\"search_term_string\"}}],\"inLanguage\":\"es\"},{\"@type\":\"Organization\",\"@id\":\"https:\\\/\\\/www.herafisur.com\\\/#organization\",\"name\":\"Herramientas y Afilados del Sur SLL\",\"url\":\"https:\\\/\\\/www.herafisur.com\\\/\",\"logo\":{\"@type\":\"ImageObject\",\"inLanguage\":\"es\",\"@id\":\"https:\\\/\\\/www.herafisur.com\\\/#\\\/schema\\\/logo\\\/image\\\/\",\"url\":\"https:\\\/\\\/www.herafisur.com\\\/wp-content\\\/uploads\\\/2017\\\/10\\\/Foto-logo.jpg\",\"contentUrl\":\"https:\\\/\\\/www.herafisur.com\\\/wp-content\\\/uploads\\\/2017\\\/10\\\/Foto-logo.jpg\",\"width\":2560,\"height\":1440,\"caption\":\"Herramientas y Afilados del Sur SLL\"},\"image\":{\"@id\":\"https:\\\/\\\/www.herafisur.com\\\/#\\\/schema\\\/logo\\\/image\\\/\"}}]}<\/script>\n<!-- \/ Yoast SEO plugin. -->","yoast_head_json":{"title":"Disco D160 x 2,2 x d20 Z48 TP - 28176048 - Herafisur, ferreter\u00eda, suministros, venta herramienta de corte, afilados","description":"Ferreter\u00eda, discos, cuchillas, sierras, escuadras, portaestantes, sacos aspiraci\u00f3n, punta atornillar, tornillos, Bosch, Disco D160 para sierra circular","robots":{"index":"index","follow":"follow","max-snippet":"max-snippet:-1","max-image-preview":"max-image-preview:large","max-video-preview":"max-video-preview:-1"},"canonical":"https:\/\/www.herafisur.com\/?product=disco-d160-x-22-x-d20-z48-tp-28176048h","og_locale":"es_ES","og_type":"article","og_title":"Disco D160 x 2,2 x d20 Z48 TP - 28176048 - Herafisur, ferreter\u00eda, suministros, venta herramienta de corte, afilados","og_description":"Ferreter\u00eda, discos, cuchillas, sierras, escuadras, portaestantes, sacos aspiraci\u00f3n, punta atornillar, tornillos, Bosch, Disco D160 para sierra circular","og_url":"https:\/\/www.herafisur.com\/?product=disco-d160-x-22-x-d20-z48-tp-28176048h","og_site_name":"Herafisur, ferreter\u00eda, suministros, venta herramienta de corte, afilados","article_modified_time":"2024-03-16T13:14:50+00:00","og_image":[{"width":1996,"height":1865,"url":"https:\/\/www.herafisur.com\/wp-content\/uploads\/2024\/03\/Disco-D160-x-d20-Z48-TP-Festool.jpg","type":"image\/jpeg"}],"twitter_card":"summary_large_image","twitter_misc":{"Tiempo de lectura":"1 minuto"},"schema":{"@context":"https:\/\/schema.org","@graph":[{"@type":"WebPage","@id":"https:\/\/www.herafisur.com\/?product=disco-d160-x-22-x-d20-z48-tp-28176048h","url":"https:\/\/www.herafisur.com\/?product=disco-d160-x-22-x-d20-z48-tp-28176048h","name":"Disco D160 x 2,2 x d20 Z48 TP - 28176048 - Herafisur, ferreter\u00eda, suministros, venta herramienta de corte, afilados","isPartOf":{"@id":"https:\/\/www.herafisur.com\/#website"},"primaryImageOfPage":{"@id":"https:\/\/www.herafisur.com\/?product=disco-d160-x-22-x-d20-z48-tp-28176048h#primaryimage"},"image":{"@id":"https:\/\/www.herafisur.com\/?product=disco-d160-x-22-x-d20-z48-tp-28176048h#primaryimage"},"thumbnailUrl":"https:\/\/www.herafisur.com\/wp-content\/uploads\/2024\/03\/Disco-D160-x-d20-Z48-TP-Festool.jpg","datePublished":"2024-03-16T13:12:07+00:00","dateModified":"2024-03-16T13:14:50+00:00","description":"Ferreter\u00eda, discos, cuchillas, sierras, escuadras, portaestantes, sacos aspiraci\u00f3n, punta atornillar, tornillos, Bosch, Disco D160 para sierra circular","breadcrumb":{"@id":"https:\/\/www.herafisur.com\/?product=disco-d160-x-22-x-d20-z48-tp-28176048h#breadcrumb"},"inLanguage":"es","potentialAction":[{"@type":"ReadAction","target":["https:\/\/www.herafisur.com\/?product=disco-d160-x-22-x-d20-z48-tp-28176048h"]}]},{"@type":"ImageObject","inLanguage":"es","@id":"https:\/\/www.herafisur.com\/?product=disco-d160-x-22-x-d20-z48-tp-28176048h#primaryimage","url":"https:\/\/www.herafisur.com\/wp-content\/uploads\/2024\/03\/Disco-D160-x-d20-Z48-TP-Festool.jpg","contentUrl":"https:\/\/www.herafisur.com\/wp-content\/uploads\/2024\/03\/Disco-D160-x-d20-Z48-TP-Festool.jpg","width":1996,"height":1865},{"@type":"BreadcrumbList","@id":"https:\/\/www.herafisur.com\/?product=disco-d160-x-22-x-d20-z48-tp-28176048h#breadcrumb","itemListElement":[{"@type":"ListItem","position":1,"name":"Portada","item":"https:\/\/www.herafisur.com\/"},{"@type":"ListItem","position":2,"name":"Tienda","item":"https:\/\/www.herafisur.com\/?page_id=14"},{"@type":"ListItem","position":3,"name":"Disco D160 x 2,2 x d20 Z48 TP &#8211; 28176048"}]},{"@type":"WebSite","@id":"https:\/\/www.herafisur.com\/#website","url":"https:\/\/www.herafisur.com\/","name":"Herafisur, afilados, ferreter\u00eda, suministros, venta herramienta de corte","description":"Ferreter\u00eda, herramientas de corte, suministros industriales, afilado","publisher":{"@id":"https:\/\/www.herafisur.com\/#organization"},"potentialAction":[{"@type":"SearchAction","target":{"@type":"EntryPoint","urlTemplate":"https:\/\/www.herafisur.com\/?s={search_term_string}"},"query-input":{"@type":"PropertyValueSpecification","valueRequired":true,"valueName":"search_term_string"}}],"inLanguage":"es"},{"@type":"Organization","@id":"https:\/\/www.herafisur.com\/#organization","name":"Herramientas y Afilados del Sur SLL","url":"https:\/\/www.herafisur.com\/","logo":{"@type":"ImageObject","inLanguage":"es","@id":"https:\/\/www.herafisur.com\/#\/schema\/logo\/image\/","url":"https:\/\/www.herafisur.com\/wp-content\/uploads\/2017\/10\/Foto-logo.jpg","contentUrl":"https:\/\/www.herafisur.com\/wp-content\/uploads\/2017\/10\/Foto-logo.jpg","width":2560,"height":1440,"caption":"Herramientas y Afilados del Sur SLL"},"image":{"@id":"https:\/\/www.herafisur.com\/#\/schema\/logo\/image\/"}}]}},"_links":{"self":[{"href":"https:\/\/www.herafisur.com\/index.php?rest_route=\/wp\/v2\/product\/2040","targetHints":{"allow":["GET"]}}],"collection":[{"href":"https:\/\/www.herafisur.com\/index.php?rest_route=\/wp\/v2\/product"}],"about":[{"href":"https:\/\/www.herafisur.com\/index.php?rest_route=\/wp\/v2\/types\/product"}],"replies":[{"embeddable":true,"href":"https:\/\/www.herafisur.com\/index.php?rest_route=%2Fwp%2Fv2%2Fcomments&post=2040"}],"wp:featuredmedia":[{"embeddable":true,"href":"https:\/\/www.herafisur.com\/index.php?rest_route=\/wp\/v2\/media\/2041"}],"wp:attachment":[{"href":"https:\/\/www.herafisur.com\/index.php?rest_route=%2Fwp%2Fv2%2Fmedia&parent=2040"}],"wp:term":[{"taxonomy":"product_brand","embeddable":true,"href":"https:\/\/www.herafisur.com\/index.php?rest_route=%2Fwp%2Fv2%2Fproduct_brand&post=2040"},{"taxonomy":"product_cat","embeddable":true,"href":"https:\/\/www.herafisur.com\/index.php?rest_route=%2Fwp%2Fv2%2Fproduct_cat&post=2040"},{"taxonomy":"product_tag","embeddable":true,"href":"https:\/\/www.herafisur.com\/index.php?rest_route=%2Fwp%2Fv2%2Fproduct_tag&post=2040"}],"curies":[{"name":"wp","href":"https:\/\/api.w.org\/{rel}","templated":true}]}}