{"id":631,"date":"2019-03-30T22:15:24","date_gmt":"2019-03-30T21:15:24","guid":{"rendered":"https:\/\/www.herafisur.com\/?post_type=product&#038;p=631"},"modified":"2023-04-22T07:45:59","modified_gmt":"2023-04-22T06:45:59","slug":"plato-universal-para-lijadora-rotorbital","status":"publish","type":"product","link":"https:\/\/www.herafisur.com\/?product=plato-universal-para-lijadora-rotorbital","title":{"rendered":"Plato para lijadora rotorbital d150mm, apto varias marcas &#8211; 03169"},"content":{"rendered":"<p>Plato para lijadora rotorbital, con di\u00e1metro 150mm. Apto para las lijadoras indicadas, se sujeta a la m\u00e1quina con un tornillo Allen. Base de velcro para perfecta sujeci\u00f3n de los discos de lija, al ser multiagujeros realiza una muy buena aspiraci\u00f3n tanto con discos de 6 y 8 agujeros como con los discos de malla.<\/p>\n<p>Incluye un kit compuesto de 1 tapa, 2 arandelas y 2 tornillos para utilizar seg\u00fan el plano adjunto para montar seg\u00fan su modelo de lijadora.<\/p>\n<p>Apto para las siguientes lijadoras:<\/p>\n<p>FESTOOL: ETS 150 Y ETS EC<\/p>\n<p>MAKITA: BO 6030<\/p>\n<p>MIRKA: DEROS 650<\/p>\n<p>RUPES: ER03TE, ER05TE, SKORPIO<\/p>\n<p>DYNABRADE: 59029S, X61V, 58441<\/p>\n<p>ABRASTAR: L150<\/p>\n","protected":false},"excerpt":{"rendered":"<p>Plato universal para lijadora rotorbital di\u00e1metro 150mm apto para Festool, Mirka, Rupes, Makita, Dynabrade, Abrastar seg\u00fan modelo<\/p>\n","protected":false},"featured_media":1800,"comment_status":"open","ping_status":"closed","template":"","meta":{"_et_pb_use_builder":"","_et_pb_old_content":"","_et_gb_content_width":""},"product_brand":[],"product_cat":[73],"product_tag":[1775,1773,1771,1783,1776,1770,1777,1778,1781,1782,1302,1780,188,380,1769,170,167,1772,372,373,375,1768,1779,374,1774],"class_list":{"0":"post-631","1":"product","2":"type-product","3":"status-publish","4":"has-post-thumbnail","6":"product_cat-suministrosyaccesorios","7":"product_tag-1775","8":"product_tag-59029s","9":"product_tag-abrastar","10":"product_tag-bo-6030","11":"product_tag-deros-650","12":"product_tag-dynabrade","13":"product_tag-er03te","14":"product_tag-er05te","15":"product_tag-ets-150","16":"product_tag-ets-ec","17":"product_tag-festool","18":"product_tag-l150","19":"product_tag-lijadora","20":"product_tag-makita","21":"product_tag-mirka","22":"product_tag-plato-150mm","23":"product_tag-plato-lijadora","24":"product_tag-plato-lijadora-d150mm","25":"product_tag-plato-lijadora-rotorbital","26":"product_tag-plato-velcro","27":"product_tag-rotorbital","28":"product_tag-rupes","29":"product_tag-skorpio","30":"product_tag-velcro","31":"product_tag-x61v","33":"first","34":"instock","35":"shipping-taxable","36":"purchasable","37":"product-type-simple"},"yoast_head":"<!-- This site is optimized with the Yoast SEO plugin v27.6 - https:\/\/yoast.com\/product\/yoast-seo-wordpress\/ -->\n<title>Plato para lijadora rotorbital d150mm, apto varias marcas - 03169 - Herafisur, ferreter\u00eda, suministros, venta herramienta de corte, afilados<\/title>\n<meta name=\"description\" content=\"Plato lijadora rotorbital D150mm, Ferreter\u00eda, discos, cuchillas, sierras, escuadras, portaestantes, sacos aspiraci\u00f3n, punta atornillar, tornillos, Bosch, Festool, Makita, Mirka, Rupes, Dynabrade, Abrastar\" \/>\n<meta name=\"robots\" content=\"index, follow, max-snippet:-1, max-image-preview:large, max-video-preview:-1\" \/>\n<link rel=\"canonical\" href=\"https:\/\/www.herafisur.com\/?product=plato-universal-para-lijadora-rotorbital\" \/>\n<meta property=\"og:locale\" content=\"es_ES\" \/>\n<meta property=\"og:type\" content=\"article\" \/>\n<meta property=\"og:title\" content=\"Plato para lijadora rotorbital d150mm, apto varias marcas - 03169 - Herafisur, ferreter\u00eda, suministros, venta herramienta de corte, afilados\" \/>\n<meta property=\"og:description\" content=\"Plato lijadora rotorbital D150mm, Ferreter\u00eda, discos, cuchillas, sierras, escuadras, portaestantes, sacos aspiraci\u00f3n, punta atornillar, tornillos, Bosch, Festool, Makita, Mirka, Rupes, Dynabrade, Abrastar\" \/>\n<meta property=\"og:url\" content=\"https:\/\/www.herafisur.com\/?product=plato-universal-para-lijadora-rotorbital\" \/>\n<meta property=\"og:site_name\" content=\"Herafisur, ferreter\u00eda, suministros, venta herramienta de corte, afilados\" \/>\n<meta property=\"article:modified_time\" content=\"2023-04-22T06:45:59+00:00\" \/>\n<meta property=\"og:image\" content=\"https:\/\/www.herafisur.com\/wp-content\/uploads\/2019\/03\/Plato-lijadora-D150mm-helix-one-scaled.jpg\" \/>\n\t<meta property=\"og:image:width\" content=\"2560\" \/>\n\t<meta property=\"og:image:height\" content=\"2535\" \/>\n\t<meta property=\"og:image:type\" content=\"image\/jpeg\" \/>\n<meta name=\"twitter:card\" content=\"summary_large_image\" \/>\n<meta name=\"twitter:label1\" content=\"Tiempo de lectura\" \/>\n\t<meta name=\"twitter:data1\" content=\"1 minuto\" \/>\n<script type=\"application\/ld+json\" class=\"yoast-schema-graph\">{\"@context\":\"https:\\\/\\\/schema.org\",\"@graph\":[{\"@type\":\"WebPage\",\"@id\":\"https:\\\/\\\/www.herafisur.com\\\/?product=plato-universal-para-lijadora-rotorbital\",\"url\":\"https:\\\/\\\/www.herafisur.com\\\/?product=plato-universal-para-lijadora-rotorbital\",\"name\":\"Plato para lijadora rotorbital d150mm, apto varias marcas - 03169 - Herafisur, ferreter\u00eda, suministros, venta herramienta de corte, afilados\",\"isPartOf\":{\"@id\":\"https:\\\/\\\/www.herafisur.com\\\/#website\"},\"primaryImageOfPage\":{\"@id\":\"https:\\\/\\\/www.herafisur.com\\\/?product=plato-universal-para-lijadora-rotorbital#primaryimage\"},\"image\":{\"@id\":\"https:\\\/\\\/www.herafisur.com\\\/?product=plato-universal-para-lijadora-rotorbital#primaryimage\"},\"thumbnailUrl\":\"https:\\\/\\\/www.herafisur.com\\\/wp-content\\\/uploads\\\/2019\\\/03\\\/Plato-lijadora-D150mm-helix-one-scaled.jpg\",\"datePublished\":\"2019-03-30T21:15:24+00:00\",\"dateModified\":\"2023-04-22T06:45:59+00:00\",\"description\":\"Plato lijadora rotorbital D150mm, Ferreter\u00eda, discos, cuchillas, sierras, escuadras, portaestantes, sacos aspiraci\u00f3n, punta atornillar, tornillos, Bosch, Festool, Makita, Mirka, Rupes, Dynabrade, Abrastar\",\"breadcrumb\":{\"@id\":\"https:\\\/\\\/www.herafisur.com\\\/?product=plato-universal-para-lijadora-rotorbital#breadcrumb\"},\"inLanguage\":\"es\",\"potentialAction\":[{\"@type\":\"ReadAction\",\"target\":[\"https:\\\/\\\/www.herafisur.com\\\/?product=plato-universal-para-lijadora-rotorbital\"]}]},{\"@type\":\"ImageObject\",\"inLanguage\":\"es\",\"@id\":\"https:\\\/\\\/www.herafisur.com\\\/?product=plato-universal-para-lijadora-rotorbital#primaryimage\",\"url\":\"https:\\\/\\\/www.herafisur.com\\\/wp-content\\\/uploads\\\/2019\\\/03\\\/Plato-lijadora-D150mm-helix-one-scaled.jpg\",\"contentUrl\":\"https:\\\/\\\/www.herafisur.com\\\/wp-content\\\/uploads\\\/2019\\\/03\\\/Plato-lijadora-D150mm-helix-one-scaled.jpg\",\"width\":2560,\"height\":2535},{\"@type\":\"BreadcrumbList\",\"@id\":\"https:\\\/\\\/www.herafisur.com\\\/?product=plato-universal-para-lijadora-rotorbital#breadcrumb\",\"itemListElement\":[{\"@type\":\"ListItem\",\"position\":1,\"name\":\"Portada\",\"item\":\"https:\\\/\\\/www.herafisur.com\\\/\"},{\"@type\":\"ListItem\",\"position\":2,\"name\":\"Tienda\",\"item\":\"https:\\\/\\\/www.herafisur.com\\\/?page_id=14\"},{\"@type\":\"ListItem\",\"position\":3,\"name\":\"Plato para lijadora rotorbital d150mm, apto varias marcas &#8211; 03169\"}]},{\"@type\":\"WebSite\",\"@id\":\"https:\\\/\\\/www.herafisur.com\\\/#website\",\"url\":\"https:\\\/\\\/www.herafisur.com\\\/\",\"name\":\"Herafisur, afilados, ferreter\u00eda, suministros, venta herramienta de corte\",\"description\":\"Ferreter\u00eda, herramientas de corte, suministros industriales, afilado\",\"publisher\":{\"@id\":\"https:\\\/\\\/www.herafisur.com\\\/#organization\"},\"potentialAction\":[{\"@type\":\"SearchAction\",\"target\":{\"@type\":\"EntryPoint\",\"urlTemplate\":\"https:\\\/\\\/www.herafisur.com\\\/?s={search_term_string}\"},\"query-input\":{\"@type\":\"PropertyValueSpecification\",\"valueRequired\":true,\"valueName\":\"search_term_string\"}}],\"inLanguage\":\"es\"},{\"@type\":\"Organization\",\"@id\":\"https:\\\/\\\/www.herafisur.com\\\/#organization\",\"name\":\"Herramientas y Afilados del Sur SLL\",\"url\":\"https:\\\/\\\/www.herafisur.com\\\/\",\"logo\":{\"@type\":\"ImageObject\",\"inLanguage\":\"es\",\"@id\":\"https:\\\/\\\/www.herafisur.com\\\/#\\\/schema\\\/logo\\\/image\\\/\",\"url\":\"https:\\\/\\\/www.herafisur.com\\\/wp-content\\\/uploads\\\/2017\\\/10\\\/Foto-logo.jpg\",\"contentUrl\":\"https:\\\/\\\/www.herafisur.com\\\/wp-content\\\/uploads\\\/2017\\\/10\\\/Foto-logo.jpg\",\"width\":2560,\"height\":1440,\"caption\":\"Herramientas y Afilados del Sur SLL\"},\"image\":{\"@id\":\"https:\\\/\\\/www.herafisur.com\\\/#\\\/schema\\\/logo\\\/image\\\/\"}}]}<\/script>\n<!-- \/ Yoast SEO plugin. -->","yoast_head_json":{"title":"Plato para lijadora rotorbital d150mm, apto varias marcas - 03169 - Herafisur, ferreter\u00eda, suministros, venta herramienta de corte, afilados","description":"Plato lijadora rotorbital D150mm, Ferreter\u00eda, discos, cuchillas, sierras, escuadras, portaestantes, sacos aspiraci\u00f3n, punta atornillar, tornillos, Bosch, Festool, Makita, Mirka, Rupes, Dynabrade, Abrastar","robots":{"index":"index","follow":"follow","max-snippet":"max-snippet:-1","max-image-preview":"max-image-preview:large","max-video-preview":"max-video-preview:-1"},"canonical":"https:\/\/www.herafisur.com\/?product=plato-universal-para-lijadora-rotorbital","og_locale":"es_ES","og_type":"article","og_title":"Plato para lijadora rotorbital d150mm, apto varias marcas - 03169 - Herafisur, ferreter\u00eda, suministros, venta herramienta de corte, afilados","og_description":"Plato lijadora rotorbital D150mm, Ferreter\u00eda, discos, cuchillas, sierras, escuadras, portaestantes, sacos aspiraci\u00f3n, punta atornillar, tornillos, Bosch, Festool, Makita, Mirka, Rupes, Dynabrade, Abrastar","og_url":"https:\/\/www.herafisur.com\/?product=plato-universal-para-lijadora-rotorbital","og_site_name":"Herafisur, ferreter\u00eda, suministros, venta herramienta de corte, afilados","article_modified_time":"2023-04-22T06:45:59+00:00","og_image":[{"width":2560,"height":2535,"url":"https:\/\/www.herafisur.com\/wp-content\/uploads\/2019\/03\/Plato-lijadora-D150mm-helix-one-scaled.jpg","type":"image\/jpeg"}],"twitter_card":"summary_large_image","twitter_misc":{"Tiempo de lectura":"1 minuto"},"schema":{"@context":"https:\/\/schema.org","@graph":[{"@type":"WebPage","@id":"https:\/\/www.herafisur.com\/?product=plato-universal-para-lijadora-rotorbital","url":"https:\/\/www.herafisur.com\/?product=plato-universal-para-lijadora-rotorbital","name":"Plato para lijadora rotorbital d150mm, apto varias marcas - 03169 - Herafisur, ferreter\u00eda, suministros, venta herramienta de corte, afilados","isPartOf":{"@id":"https:\/\/www.herafisur.com\/#website"},"primaryImageOfPage":{"@id":"https:\/\/www.herafisur.com\/?product=plato-universal-para-lijadora-rotorbital#primaryimage"},"image":{"@id":"https:\/\/www.herafisur.com\/?product=plato-universal-para-lijadora-rotorbital#primaryimage"},"thumbnailUrl":"https:\/\/www.herafisur.com\/wp-content\/uploads\/2019\/03\/Plato-lijadora-D150mm-helix-one-scaled.jpg","datePublished":"2019-03-30T21:15:24+00:00","dateModified":"2023-04-22T06:45:59+00:00","description":"Plato lijadora rotorbital D150mm, Ferreter\u00eda, discos, cuchillas, sierras, escuadras, portaestantes, sacos aspiraci\u00f3n, punta atornillar, tornillos, Bosch, Festool, Makita, Mirka, Rupes, Dynabrade, Abrastar","breadcrumb":{"@id":"https:\/\/www.herafisur.com\/?product=plato-universal-para-lijadora-rotorbital#breadcrumb"},"inLanguage":"es","potentialAction":[{"@type":"ReadAction","target":["https:\/\/www.herafisur.com\/?product=plato-universal-para-lijadora-rotorbital"]}]},{"@type":"ImageObject","inLanguage":"es","@id":"https:\/\/www.herafisur.com\/?product=plato-universal-para-lijadora-rotorbital#primaryimage","url":"https:\/\/www.herafisur.com\/wp-content\/uploads\/2019\/03\/Plato-lijadora-D150mm-helix-one-scaled.jpg","contentUrl":"https:\/\/www.herafisur.com\/wp-content\/uploads\/2019\/03\/Plato-lijadora-D150mm-helix-one-scaled.jpg","width":2560,"height":2535},{"@type":"BreadcrumbList","@id":"https:\/\/www.herafisur.com\/?product=plato-universal-para-lijadora-rotorbital#breadcrumb","itemListElement":[{"@type":"ListItem","position":1,"name":"Portada","item":"https:\/\/www.herafisur.com\/"},{"@type":"ListItem","position":2,"name":"Tienda","item":"https:\/\/www.herafisur.com\/?page_id=14"},{"@type":"ListItem","position":3,"name":"Plato para lijadora rotorbital d150mm, apto varias marcas &#8211; 03169"}]},{"@type":"WebSite","@id":"https:\/\/www.herafisur.com\/#website","url":"https:\/\/www.herafisur.com\/","name":"Herafisur, afilados, ferreter\u00eda, suministros, venta herramienta de corte","description":"Ferreter\u00eda, herramientas de corte, suministros industriales, afilado","publisher":{"@id":"https:\/\/www.herafisur.com\/#organization"},"potentialAction":[{"@type":"SearchAction","target":{"@type":"EntryPoint","urlTemplate":"https:\/\/www.herafisur.com\/?s={search_term_string}"},"query-input":{"@type":"PropertyValueSpecification","valueRequired":true,"valueName":"search_term_string"}}],"inLanguage":"es"},{"@type":"Organization","@id":"https:\/\/www.herafisur.com\/#organization","name":"Herramientas y Afilados del Sur SLL","url":"https:\/\/www.herafisur.com\/","logo":{"@type":"ImageObject","inLanguage":"es","@id":"https:\/\/www.herafisur.com\/#\/schema\/logo\/image\/","url":"https:\/\/www.herafisur.com\/wp-content\/uploads\/2017\/10\/Foto-logo.jpg","contentUrl":"https:\/\/www.herafisur.com\/wp-content\/uploads\/2017\/10\/Foto-logo.jpg","width":2560,"height":1440,"caption":"Herramientas y Afilados del Sur SLL"},"image":{"@id":"https:\/\/www.herafisur.com\/#\/schema\/logo\/image\/"}}]}},"_links":{"self":[{"href":"https:\/\/www.herafisur.com\/index.php?rest_route=\/wp\/v2\/product\/631","targetHints":{"allow":["GET"]}}],"collection":[{"href":"https:\/\/www.herafisur.com\/index.php?rest_route=\/wp\/v2\/product"}],"about":[{"href":"https:\/\/www.herafisur.com\/index.php?rest_route=\/wp\/v2\/types\/product"}],"replies":[{"embeddable":true,"href":"https:\/\/www.herafisur.com\/index.php?rest_route=%2Fwp%2Fv2%2Fcomments&post=631"}],"wp:featuredmedia":[{"embeddable":true,"href":"https:\/\/www.herafisur.com\/index.php?rest_route=\/wp\/v2\/media\/1800"}],"wp:attachment":[{"href":"https:\/\/www.herafisur.com\/index.php?rest_route=%2Fwp%2Fv2%2Fmedia&parent=631"}],"wp:term":[{"taxonomy":"product_brand","embeddable":true,"href":"https:\/\/www.herafisur.com\/index.php?rest_route=%2Fwp%2Fv2%2Fproduct_brand&post=631"},{"taxonomy":"product_cat","embeddable":true,"href":"https:\/\/www.herafisur.com\/index.php?rest_route=%2Fwp%2Fv2%2Fproduct_cat&post=631"},{"taxonomy":"product_tag","embeddable":true,"href":"https:\/\/www.herafisur.com\/index.php?rest_route=%2Fwp%2Fv2%2Fproduct_tag&post=631"}],"curies":[{"name":"wp","href":"https:\/\/api.w.org\/{rel}","templated":true}]}}